f 5899 and 51?
17
What is the greatest common factor of 444 and 9213?
111
Calculate the greatest common factor of 1419 and 172.
43
What is the highest common factor of 1156 and 544?
68
What is the highest common divisor of 6920 and 240?
40
Calculate the greatest common divisor of 279 and 45.
9
Calculate the greatest common factor of 18 and 6354.
18
What is the highest common divisor of 1430 and 110?
110
Calculate the highest common factor of 48 and 624.
48
What is the greatest common factor of 17 and 272?
17
Calculate the greatest common divisor of 532 and 171.
19
Calculate the greatest common divisor of 28 and 8.
4
What is the greatest common divisor of 2421 and 27?
9
Calculate the highest common factor of 656 and 82.
82
What is the highest common divisor of 57 and 24?
3
Calculate the greatest common factor of 2163 and 824.
103
What is the greatest common divisor of 6804 and 56?
28
Calculate the highest common factor of 2955 and 394.
197
What is the highest common factor of 12 and 3228?
12
Calculate the greatest common divisor of 240 and 30.
30
What is the highest common factor of 988 and 208?
52
Calculate the greatest common divisor of 122 and 5612.
122
Calculate the highest common factor of 32131 and 253.
253
What is the greatest common factor of 239 and 130733?
239
Calculate the greatest common divisor of 16 and 272.
16
Calculate the highest common divisor of 779 and 19.
19
What is the greatest common divisor of 26 and 1274?
26
What is the greatest common factor of 1834 and 49?
7
Calculate the highest common factor of 441 and 81.
9
Calculate the highest common divisor of 36 and 2034.
18
What is the greatest common divisor of 25144 and 56?
56
Calculate the greatest common factor of 616 and 25102.
154
What is the greatest common divisor of 11856 and 32?
16
What is the greatest common divisor of 234 and 104?
26
Calculate the greatest common divisor of 99 and 2358.
9
What is the highest common factor of 38 and 38?
38
What is the greatest common divisor of 1242 and 54?
54
What is the greatest common factor of 12 and 6?
6
What is the greatest common divisor of 366 and 96?
6
What is the greatest common divisor of 414 and 9?
9
What is the highest common divisor of 678 and 26?
2
Calculate the greatest common divisor of 50 and 850.
50
What is the highest common factor of 232 and 4234?
58
Calculate the highest common divisor of 31 and 31.
31
What is the greatest common factor of 14744 and 152?
152
What is the greatest common divisor of 168 and 462?
42
Calculate the greatest common factor of 697 and 391.
17
Calculate the greatest common factor of 9 and 33.
3
Calculate the greatest common factor of 77 and 364.
7
Calculate the highest common factor of 96 and 18.
6
What is the greatest common divisor of 9 and 177?
3
Calculate the greatest common factor of 525 and 819.
21
What is the greatest common divisor of 92 and 46?
46
What is the greatest common factor of 80 and 230?
10
Calculate the greatest common divisor of 17 and 9.
1
Calculate the greatest common divisor of 2217 and 15.
3
What is the greatest common divisor of 650 and 78?
26
Calculate the greatest common factor of 11940 and 60.
60
What is the greatest common factor of 81 and 5913?
81
Calculate the highest common divisor of 665 and 3059.
133
Calculate the highest common factor of 260 and 2990.
130
Calculate the greatest common factor of 63 and 819.
63
What is the highest common factor of 984 and 1416?
24
Calculate the highest common factor of 2128 and 133.
133
What is the greatest common factor of 196 and 168?
28
Calculate the greatest common divisor of 162 and 558.
18
What is the highest common factor of 658 and 182?
14
What is the greatest common factor of 168 and 224?
56
Calculate the greatest common factor of 188 and 76.
4
Calculate the highest common factor of 43507 and 139.
139
Calculate the greatest common factor of 116 and 6844.
116
What is the greatest common factor of 138 and 6693?
69
What is the greatest common factor of 850 and 1200?
50
What is the greatest common factor of 3510 and 36?
18
What is the highest common factor of 5634 and 9?
9
What is the highest common divisor of 1526 and 28?
14
What is the highest common divisor of 1 and 32?
1
Calculate the highest common factor of 47 and 376.
47
Calculate the greatest common factor of 11853 and 27.
27
What is the highest common divisor of 428 and 4?
4
What is the highest common factor of 352 and 33?
11
Calculate the highest common factor of 5888 and 23.
23
Calculate the highest common factor of 792 and 8448.
264
What is the greatest common divisor of 2465 and 17?
17
What is the highest common divisor of 64 and 2624?
64
Calculate the greatest common factor of 786 and 9.
3
What is the highest common factor of 2142 and 3978?
306
Calculate the greatest common divisor of 329 and 235.
47
Calculate the greatest common factor of 408 and 153.
51
What is the greatest common factor of 920 and 5888?
184
Calculate the greatest common factor of 45 and 765.
45
What is the greatest common divisor of 1362 and 30?
6
What is the highest common factor of 58 and 14?
2
What is the greatest common factor of 42 and 798?
42
Calculate the highest common factor of 176 and 48.
16
What is the greatest common divisor of 40614 and 42?
42
What is the greatest common divisor of 89 and 7031?
89
What is the highest common divisor of 13061 and 37?
37
What is the greatest common divisor of 34131 and 279?
93
What is the greatest common divisor of 53 and 848?
53
What is the highest common divisor of 218 and 4?
2
Calculate the highest common factor of 74 and 6475.
37
Calculate the highest common factor of 2375 and 19.
19
Calculate the highest common factor of 5 and 755.
5
Calculate the highest common factor of 54 and 63.
9
What is the highest common divisor of 22 and 2607?
11
What is the greatest common divisor of 1634 and 86?
86
Calculate the highest common divisor of 234 and 36.
18
Calculate the greatest common factor of 3040 and 96.
32
What is the highest common divisor of 86 and 5504?
86
What is the highest common divisor of 1445 and 255?
85
Calculate the highest common divisor of 323 and 85.
17
What is the highest common divisor of 966 and 105?
21
Calculate the highest common divisor of 16 and 16.
16
Calculate the highest common divisor of 12 and 276.
12
Calculate the highest common factor of 10 and 230.
10
What is the greatest common factor of 102744 and 24?
24
What is the highest common divisor of 52521 and 21?
21
Calculate the highest common divisor of 520 and 40.
40
What is the greatest common factor of 16 and 848?
16
Calculate the highest common divisor of 30 and 470.
10
Calculate the highest common factor of 32 and 1888.
32
What is the greatest common divisor of 25 and 1775?
25
Calculate the highest common factor of 4760 and 35.
35
What is the highest common factor of 2926 and 38?
38
Calculate the greatest common factor of 72 and 96.
24
Calculate the greatest common divisor of 14 and 2338.
14
What is the greatest common factor of 46 and 15226?
46
What is the greatest common divisor of 203 and 35?
7
What is the highest common divisor of 84 and 36?
12
What is the highest common divisor of 186 and 3?
3
Calculate the highest common factor of 344 and 129.
43
What is the highest common factor of 940 and 600?
20
Calculate the greatest common factor of 3818 and 46.
46
What is the greatest common factor of 102 and 2261?
17
What is the greatest common divisor of 17 and 1819?
17
What is the greatest common factor of 71 and 781?
71
Calculate the greatest common factor of 1702 and 92.
46
What is the highest common divisor of 474 and 6?
6
Calculate the highest common factor of 494 and 646.
38
What is the highest common divisor of 14 and 1814?
2
What is the highest common factor of 1745 and 45?
5
What is the greatest common divisor of 59 and 3953?
59
What is the highest common factor of 164 and 41?
41
Calculate the highest common factor of 3 and 9.
3
Calculate the greatest common divisor of 43 and 301.
43
Calculate the greatest common divisor of 144 and 117.
9
Calculate the greatest common divisor of 861 and 42.
21
Calculate the highest common divisor of 20444 and 76.
76
Calculate the highest common divisor of 460 and 20.
20
What is the highest common divisor of 552 and 50